{"id":142,"date":"2014-02-16T22:03:56","date_gmt":"2014-02-16T22:03:56","guid":{"rendered":"http:\/\/lingvistika.si\/?page_id=142"},"modified":"2014-09-13T19:38:34","modified_gmt":"2014-09-13T19:38:34","slug":"ruscina","status":"publish","type":"page","link":"https:\/\/lingvistika.si\/?page_id=142","title":{"rendered":"Ru\u0161\u010dina"},"content":{"rendered":"<p>Naloga iz ru\u0161\u010dine je napisana v pisavi cirilici, v kateri pi\u0161ejo v Rusiji. Vendar pa v nalogi ni treba razvozlati pisave, ampak samo ugotoviti prevode besed, vrstni red in kaj se spremeni, kadar uporabimo v stavkih razli\u010dna imena.<\/p>\n<blockquote><p>Podani so stavki v ru\u0161\u010dini in njihovi prevodi v sloven\u0161\u010dino. Dolo\u010di pomen besed, vrstni red in pravila ter prevedi nekaj primerov.<\/p>\n<table>\n<tbody>\n<tr>\n<td>\u0414\u0436\u043e\u043d \u0443\u0431\u0438\u043b \u041c\u044d\u0440\u0438.<\/td>\n<td>Janez je ubil Marijo.<\/td>\n<\/tr>\n<tr>\n<td>\u041c\u044d\u0440\u0438 \u0443\u0431\u0438\u043b\u0430 \u0421\u044d\u043c\u0430.<\/td>\n<td>Marija je ubila Samota.<\/td>\n<\/tr>\n<tr>\n<td>\u0421\u044d\u043c \u0443\u0431\u0438\u043b \u0414\u0436\u043e\u043d\u0430.<\/td>\n<td>Samo je ubil Janeza.<\/td>\n<\/tr>\n<\/tbody>\n<\/table>\n<p>&nbsp;<\/p>\n<p>Prevedi v ru\u0161\u010dino (Ivan se po rusko napi\u0161e \u0418\u0432\u0430\u043d, Ana pa \u0410\u043d\u043d\u0430):<\/p>\n<ol>\n<li>Janez je ubil Samota.<\/li>\n<li>Marija je ubila Janeza.<\/li>\n<li>Samo je ubil Marijo.<\/li>\n<li>Ana je ubila Ivana.<\/li>\n<li>Ivan je ubil Ano.<\/li>\n<\/ol>\n<\/blockquote>\n<p>&nbsp;<\/p>\n<p>Za namig pi\u0161ite na email <a href=\"mailto:&#x69;&#x6e;&#x66;&#x6f;&#x40;&#x6c;&#x69;&#x6e;&#x67;&#x76;&#x69;&#x73;&#x74;&#x69;&#x6b;&#x61;&#x2e;&#x73;&#x69;\">&#x69;&#x6e;&#x66;&#x6f;&#x40;<span class=\"oe_displaynone\">null<\/span>&#x6c;&#x69;&#x6e;&#x67;&#x76;&#x69;&#x73;&#x74;&#x69;&#x6b;&#x61;&#x2e;&#x73;&#x69;<\/a>.<\/p>","protected":false},"excerpt":{"rendered":"<p>Naloga iz ru\u0161\u010dine je napisana v pisavi cirilici, v kateri pi\u0161ejo v Rusiji. Vendar pa v nalogi ni treba razvozlati pisave, ampak samo ugotoviti prevode besed, vrstni red in kaj se spremeni, kadar uporabimo v stavkih razli\u010dna imena. Podani so stavki v ru\u0161\u010dini in njihovi prevodi v sloven\u0161\u010dino. Dolo\u010di pomen besed, vrstni red in pravila &hellip; <a href=\"https:\/\/lingvistika.si\/?page_id=142\" class=\"more-link\">Continue reading <span class=\"screen-reader-text\">Ru\u0161\u010dina<\/span> <span class=\"meta-nav\">&rarr;<\/span><\/a><\/p>\n","protected":false},"author":1,"featured_media":0,"parent":0,"menu_order":0,"comment_status":"open","ping_status":"open","template":"","meta":{"footnotes":""},"categories":[3,1,9],"class_list":["post-142","page","type-page","status-publish","hentry","category-lahke-naloge","category-uncategorized","category-prevajalske-naloge"],"_links":{"self":[{"href":"https:\/\/lingvistika.si\/index.php?rest_route=\/wp\/v2\/pages\/142","targetHints":{"allow":["GET"]}}],"collection":[{"href":"https:\/\/lingvistika.si\/index.php?rest_route=\/wp\/v2\/pages"}],"about":[{"href":"https:\/\/lingvistika.si\/index.php?rest_route=\/wp\/v2\/types\/page"}],"author":[{"embeddable":true,"href":"https:\/\/lingvistika.si\/index.php?rest_route=\/wp\/v2\/users\/1"}],"replies":[{"embeddable":true,"href":"https:\/\/lingvistika.si\/index.php?rest_route=%2Fwp%2Fv2%2Fcomments&post=142"}],"version-history":[{"count":2,"href":"https:\/\/lingvistika.si\/index.php?rest_route=\/wp\/v2\/pages\/142\/revisions"}],"predecessor-version":[{"id":418,"href":"https:\/\/lingvistika.si\/index.php?rest_route=\/wp\/v2\/pages\/142\/revisions\/418"}],"wp:attachment":[{"href":"https:\/\/lingvistika.si\/index.php?rest_route=%2Fwp%2Fv2%2Fmedia&parent=142"}],"wp:term":[{"taxonomy":"category","embeddable":true,"href":"https:\/\/lingvistika.si\/index.php?rest_route=%2Fwp%2Fv2%2Fcategories&post=142"}],"curies":[{"name":"wp","href":"https:\/\/api.w.org\/{rel}","templated":true}]}}