{"id":15,"date":"2014-01-09T20:44:21","date_gmt":"2014-01-09T20:44:21","guid":{"rendered":"http:\/\/lingvistika.si\/?page_id=15"},"modified":"2014-02-02T22:14:12","modified_gmt":"2014-02-02T22:14:12","slug":"o-meni","status":"publish","type":"page","link":"https:\/\/lingvistika.si\/?page_id=15","title":{"rendered":"O meni"},"content":{"rendered":"<p>Lingvisti\u010dne naloge re\u0161ujem odkar so se pojavile na tekmovanju iz logike in \u010dez \u010das sem se za\u010dela opazovati, kako to po\u010dnem. Nastali so namigi, navodila in postopki, ki jih \u017eelim deliti z vami. Stvari rada povem po doma\u010de, trudim se, da bi bila vsebina razumljiva \u010dimve\u010dim.<\/p>\n<p>Lingvistika mi je \u0161e posebej blizu, ker je zelo podobna re\u0161evanju realnih problemov in ker zahteva veliko zavzetost. Namesto, da ti nekdo pove vsa pravila, ti pa jih samo uporabi\u0161, je tukaj potrebno pravila ugotoviti. Da to dose\u017ee\u0161, mora\u0161 opazovati, primerjati in ustvarjati, pri \u010demer razvija\u0161 tako razmi\u0161ljanje kot kreativnost.<\/p>\n<p>Od leta 2011 sem \u010dlanica mednarodne komisije za lingvisti\u010dno olimpijado, o re\u0161evanju lingvisti\u010dnih nalog sem predavala na seminarjih za u\u010ditelje, izvajam pa tudi delavnice iz lingvistike za u\u010dence ali dijake po \u0161olah.<\/p>\n<p>Gabrijela<\/p>","protected":false},"excerpt":{"rendered":"<p>Lingvisti\u010dne naloge re\u0161ujem odkar so se pojavile na tekmovanju iz logike in \u010dez \u010das sem se za\u010dela opazovati, kako to po\u010dnem. Nastali so namigi, navodila in postopki, ki jih \u017eelim deliti z vami. Stvari rada povem po doma\u010de, trudim se, da bi bila vsebina razumljiva \u010dimve\u010dim. Lingvistika mi je \u0161e posebej blizu, ker je zelo &hellip; <a href=\"https:\/\/lingvistika.si\/?page_id=15\" class=\"more-link\">Continue reading <span class=\"screen-reader-text\">O meni<\/span> <span class=\"meta-nav\">&rarr;<\/span><\/a><\/p>\n","protected":false},"author":1,"featured_media":0,"parent":0,"menu_order":0,"comment_status":"open","ping_status":"open","template":"","meta":{"footnotes":""},"categories":[],"class_list":["post-15","page","type-page","status-publish","hentry"],"_links":{"self":[{"href":"https:\/\/lingvistika.si\/index.php?rest_route=\/wp\/v2\/pages\/15","targetHints":{"allow":["GET"]}}],"collection":[{"href":"https:\/\/lingvistika.si\/index.php?rest_route=\/wp\/v2\/pages"}],"about":[{"href":"https:\/\/lingvistika.si\/index.php?rest_route=\/wp\/v2\/types\/page"}],"author":[{"embeddable":true,"href":"https:\/\/lingvistika.si\/index.php?rest_route=\/wp\/v2\/users\/1"}],"replies":[{"embeddable":true,"href":"https:\/\/lingvistika.si\/index.php?rest_route=%2Fwp%2Fv2%2Fcomments&post=15"}],"version-history":[{"count":9,"href":"https:\/\/lingvistika.si\/index.php?rest_route=\/wp\/v2\/pages\/15\/revisions"}],"predecessor-version":[{"id":113,"href":"https:\/\/lingvistika.si\/index.php?rest_route=\/wp\/v2\/pages\/15\/revisions\/113"}],"wp:attachment":[{"href":"https:\/\/lingvistika.si\/index.php?rest_route=%2Fwp%2Fv2%2Fmedia&parent=15"}],"wp:term":[{"taxonomy":"category","embeddable":true,"href":"https:\/\/lingvistika.si\/index.php?rest_route=%2Fwp%2Fv2%2Fcategories&post=15"}],"curies":[{"name":"wp","href":"https:\/\/api.w.org\/{rel}","templated":true}]}}