{"id":232,"date":"2014-04-20T21:35:39","date_gmt":"2014-04-20T21:35:39","guid":{"rendered":"http:\/\/lingvistika.si\/?page_id=232"},"modified":"2014-09-13T19:37:22","modified_gmt":"2014-09-13T19:37:22","slug":"ferscina","status":"publish","type":"page","link":"https:\/\/lingvistika.si\/?page_id=232","title":{"rendered":"Fer\u0161\u010dina"},"content":{"rendered":"<p><span style=\"line-height: 1.5;\">Nalogo iz fer\u0161\u010dine sem dala med te\u017eke naloge zato, ker je za izgovorjavo besed treba ugotoviti ve\u010d pravil in jih ustrezno skombinirati med seboj. <\/span><\/p>\n<blockquote><p>Podane so besede iz ferskega jezika v poenostavljenem zapisu. Za vsako besedo je dana \u0161e njena izgovorjava in prevod v sloven\u0161\u010dino. Dolo\u010di pravila za izgovorjavo v fer\u0161\u010dini.<\/p>\n<table>\n<tbody>\n<tr>\n<th>Zapis<\/th>\n<th>Izgovorjava<\/th>\n<th>Prevod<\/th>\n<\/tr>\n<tr>\n<td>eigur<\/td>\n<td>[eijur]<\/td>\n<td>bogastvo<\/td>\n<\/tr>\n<tr>\n<td>glogur<\/td>\n<td>[glovur]<\/td>\n<td>oglje<\/td>\n<\/tr>\n<tr>\n<td>hugi<\/td>\n<td>[huwi]<\/td>\n<td>pamet<\/td>\n<\/tr>\n<tr>\n<td>logi<\/td>\n<td>[loji]<\/td>\n<td>plamen<\/td>\n<\/tr>\n<tr>\n<td>mugu<\/td>\n<td>[muwu]<\/td>\n<td>(oni) morajo<\/td>\n<\/tr>\n<tr>\n<td>ragi<\/td>\n<td>[roaji]<\/td>\n<td>(jaz) svetujem<\/td>\n<\/tr>\n<tr>\n<td>spreiga<\/td>\n<td>[spreija]<\/td>\n<td>(oni) raztresajo<\/td>\n<\/tr>\n<tr>\n<td>tegi<\/td>\n<td>[teji]<\/td>\n<td>mol\u010di<\/td>\n<\/tr>\n<tr>\n<td>vagur<\/td>\n<td>[voavur]<\/td>\n<td>\u00a0zaliv<\/td>\n<\/tr>\n<tr>\n<td>vegur<\/td>\n<td>[vevur]<\/td>\n<td>\u00a0(on) dviguje<\/td>\n<\/tr>\n<tr>\n<td>vigur<\/td>\n<td>[vijur]<\/td>\n<td>\u00a0les<\/td>\n<\/tr>\n<tr>\n<td>viga<\/td>\n<td>[vija]<\/td>\n<td>\u00a0(oni) tehtajo<\/td>\n<\/tr>\n<\/tbody>\n<\/table>\n<p>&nbsp;<\/p>\n<p>Zapi\u0161i izgovorjavo naslednjih besed:<\/p>\n<table>\n<tbody>\n<tr>\n<th>Zapis<\/th>\n<th>Izgovorjava<\/th>\n<th>Prevod<\/th>\n<\/tr>\n<tr>\n<td>\u00a0logur<\/td>\n<td><\/td>\n<td>\u00a0teko\u010dina<\/td>\n<\/tr>\n<tr>\n<td>\u00a0skagi<\/td>\n<td><\/td>\n<td>\u00a0\u0161koda<\/td>\n<\/tr>\n<tr>\n<td>\u00a0toigur<\/td>\n<td><\/td>\n<td>\u00a0po\u017eirek<\/td>\n<\/tr>\n<tr>\n<td>\u00a0trugi<\/td>\n<td><\/td>\n<td>\u00a0naj (on) ogro\u017ea<\/td>\n<\/tr>\n<\/tbody>\n<\/table>\n<\/blockquote>\n<p>&nbsp;<\/p>\n<p>Za namig lahko pi\u0161ete na email <a href=\"mailto:&#x69;&#x6e;&#x66;&#x6f;&#x40;&#x6c;&#x69;&#x6e;&#x67;&#x76;&#x69;&#x73;&#x74;&#x69;&#x6b;&#x61;&#x2e;&#x73;&#x69;\">&#x69;&#x6e;&#x66;&#x6f;&#x40;<span class=\"oe_displaynone\">null<\/span>&#x6c;&#x69;&#x6e;&#x67;&#x76;&#x69;&#x73;&#x74;&#x69;&#x6b;&#x61;&#x2e;&#x73;&#x69;<\/a>. Lahko pa tudi po\u0161ljete v pregled pravila za izgovorjavo, ki ste jih ugotovili.<\/p>","protected":false},"excerpt":{"rendered":"<p>Nalogo iz fer\u0161\u010dine sem dala med te\u017eke naloge zato, ker je za izgovorjavo besed treba ugotoviti ve\u010d pravil in jih ustrezno skombinirati med seboj. Podane so besede iz ferskega jezika v poenostavljenem zapisu. Za vsako besedo je dana \u0161e njena izgovorjava in prevod v sloven\u0161\u010dino. Dolo\u010di pravila za izgovorjavo v fer\u0161\u010dini. Zapis Izgovorjava Prevod eigur &hellip; <a href=\"https:\/\/lingvistika.si\/?page_id=232\" class=\"more-link\">Continue reading <span class=\"screen-reader-text\">Fer\u0161\u010dina<\/span> <span class=\"meta-nav\">&rarr;<\/span><\/a><\/p>\n","protected":false},"author":1,"featured_media":0,"parent":0,"menu_order":0,"comment_status":"open","ping_status":"open","template":"","meta":{"footnotes":""},"categories":[7,1,10],"class_list":["post-232","page","type-page","status-publish","hentry","category-tezke-naloge","category-uncategorized","category-foneticne-naloge"],"_links":{"self":[{"href":"https:\/\/lingvistika.si\/index.php?rest_route=\/wp\/v2\/pages\/232","targetHints":{"allow":["GET"]}}],"collection":[{"href":"https:\/\/lingvistika.si\/index.php?rest_route=\/wp\/v2\/pages"}],"about":[{"href":"https:\/\/lingvistika.si\/index.php?rest_route=\/wp\/v2\/types\/page"}],"author":[{"embeddable":true,"href":"https:\/\/lingvistika.si\/index.php?rest_route=\/wp\/v2\/users\/1"}],"replies":[{"embeddable":true,"href":"https:\/\/lingvistika.si\/index.php?rest_route=%2Fwp%2Fv2%2Fcomments&post=232"}],"version-history":[{"count":9,"href":"https:\/\/lingvistika.si\/index.php?rest_route=\/wp\/v2\/pages\/232\/revisions"}],"predecessor-version":[{"id":414,"href":"https:\/\/lingvistika.si\/index.php?rest_route=\/wp\/v2\/pages\/232\/revisions\/414"}],"wp:attachment":[{"href":"https:\/\/lingvistika.si\/index.php?rest_route=%2Fwp%2Fv2%2Fmedia&parent=232"}],"wp:term":[{"taxonomy":"category","embeddable":true,"href":"https:\/\/lingvistika.si\/index.php?rest_route=%2Fwp%2Fv2%2Fcategories&post=232"}],"curies":[{"name":"wp","href":"https:\/\/api.w.org\/{rel}","templated":true}]}}