{"id":313,"date":"2014-05-25T21:38:30","date_gmt":"2014-05-25T21:38:30","guid":{"rendered":"http:\/\/lingvistika.si\/?page_id=313"},"modified":"2014-09-13T19:37:01","modified_gmt":"2014-09-13T19:37:01","slug":"dyirbal-2","status":"publish","type":"page","link":"https:\/\/lingvistika.si\/?page_id=313","title":{"rendered":"Dyirbal 2"},"content":{"rendered":"<p>Te\u017eja naloga iz jezika dyirbal.<\/p>\n<blockquote><p>Podani so stavki v jeziku dyirbal in njihovi prevodi v sloven\u0161\u010dino. Ugotovi pravila in prevedi nekaj stavkov.<\/p>\n<table>\n<tbody>\n<tr>\n<td>Bayi yara bangu gurugu jagunman.<\/td>\n<td>Pija\u010da uspava mo\u0161kega.<\/td>\n<\/tr>\n<tr>\n<td>Balan yabu bangul yara buran.<\/td>\n<td>Mo\u0161ki gleda mater.<\/td>\n<\/tr>\n<tr>\n<td>Balan waymin bangu juga jamiman.<\/td>\n<td>Sladkor redi ta\u0161\u010do.<\/td>\n<\/tr>\n<tr>\n<td>Bala yila bangul bargan guninu.<\/td>\n<td>Kenguru i\u0161\u010de pero.<\/td>\n<\/tr>\n<tr>\n<td>Balan malayigara bangu garan jagunman.<\/td>\n<td>Dim uspava \u0161korpijona.<\/td>\n<\/tr>\n<tr>\n<td>Bala gurugu bangul numa dimbanu.<\/td>\n<td>O\u010de nosi pija\u010do.<\/td>\n<\/tr>\n<tr>\n<td>Bayi midin bangun bima banjan.<\/td>\n<td>Ka\u010da zasleduje posuma.<\/td>\n<\/tr>\n<tr>\n<td>Bayi gubimbulu bangu gurugu jagunman.<\/td>\n<td>Pija\u010da uspava zdravnika.<\/td>\n<\/tr>\n<tr>\n<td>Bala garan bangul binjirin buran.<\/td>\n<td>Ku\u0161\u010dar gleda dim.<\/td>\n<\/tr>\n<tr>\n<td>Balan dunan bangul yirinjila guninu.<\/td>\n<td>Ka\u010dji pastir i\u0161\u010de bode\u010de drevo*.<\/td>\n<\/tr>\n<tr>\n<td>Bala juga bangun yabu dimbanu.<\/td>\n<td>Mati nosi sladkor.<\/td>\n<\/tr>\n<tr>\n<td>Bala diban bangul gubimbulu guninu.<\/td>\n<td>Zdravnik i\u0161\u010de kamen.<\/td>\n<\/tr>\n<tr>\n<td>Bala garan bangun waymin buran.<\/td>\n<td>Ta\u0161\u010da gleda dim.<\/td>\n<\/tr>\n<tr>\n<td>Bayi binjirin bangul nalnga buran.<\/td>\n<td>De\u010dek gleda ku\u0161\u010darja.<\/td>\n<\/tr>\n<tr>\n<td>Bayi numa bangul yara guninu.<\/td>\n<td>Mo\u0161ki i\u0161\u010de o\u010deta.<\/td>\n<\/tr>\n<\/tbody>\n<\/table>\n<p>*(Bode\u010de drevo je vrsta drevesa s strupenimi iglicami).<\/p>\n<p>Prevedi v dyirbal:<\/p>\n<ol>\n<li>Kenguru gleda ka\u010djega pastirja.<\/li>\n<li>Teta (mugunanja) i\u0161\u010de pero.<\/li>\n<li>Posum zasleduje zvok (munga).<\/li>\n<li>Gosenica (bayimbam) i\u0161\u010de mo\u0161kega.<\/li>\n<li>Mo\u0161ki i\u0161\u010de oro\u017eje (amo).<\/li>\n<\/ol>\n<p>Prevedi v sloven\u0161\u010dino:<\/p>\n<ol>\n<li>Balan nalnga bangul numa guninu.<\/li>\n<li>Bala diban bangun binjirin guninu.<\/li>\n<li>Bayi bargan bangul yara buran.<\/li>\n<\/ol>\n<\/blockquote>\n<p>&nbsp;<\/p>\n<p>Za namig lahko pi\u0161ete na email <a href=\"mailto:&#x69;&#x6e;&#x66;&#x6f;&#x40;&#x6c;&#x69;&#x6e;&#x67;&#x76;&#x69;&#x73;&#x74;&#x69;&#x6b;&#x61;&#x2e;&#x73;&#x69;\">&#x69;&#x6e;&#x66;&#x6f;&#x40;<span class=\"oe_displaynone\">null<\/span>&#x6c;&#x69;&#x6e;&#x67;&#x76;&#x69;&#x73;&#x74;&#x69;&#x6b;&#x61;&#x2e;&#x73;&#x69;<\/a> ali pa po\u0161ljete svojo re\u0161itev v pregled.<\/p>","protected":false},"excerpt":{"rendered":"<p>Te\u017eja naloga iz jezika dyirbal. Podani so stavki v jeziku dyirbal in njihovi prevodi v sloven\u0161\u010dino. Ugotovi pravila in prevedi nekaj stavkov. Bayi yara bangu gurugu jagunman. Pija\u010da uspava mo\u0161kega. Balan yabu bangul yara buran. Mo\u0161ki gleda mater. Balan waymin bangu juga jamiman. Sladkor redi ta\u0161\u010do. Bala yila bangul bargan guninu. Kenguru i\u0161\u010de pero. Balan &hellip; <a href=\"https:\/\/lingvistika.si\/?page_id=313\" class=\"more-link\">Continue reading <span class=\"screen-reader-text\">Dyirbal 2<\/span> <span class=\"meta-nav\">&rarr;<\/span><\/a><\/p>\n","protected":false},"author":1,"featured_media":0,"parent":0,"menu_order":0,"comment_status":"open","ping_status":"open","template":"","meta":{"footnotes":""},"categories":[11,1,9],"class_list":["post-313","page","type-page","status-publish","hentry","category-srednje-tezke-naloge","category-uncategorized","category-prevajalske-naloge"],"_links":{"self":[{"href":"https:\/\/lingvistika.si\/index.php?rest_route=\/wp\/v2\/pages\/313","targetHints":{"allow":["GET"]}}],"collection":[{"href":"https:\/\/lingvistika.si\/index.php?rest_route=\/wp\/v2\/pages"}],"about":[{"href":"https:\/\/lingvistika.si\/index.php?rest_route=\/wp\/v2\/types\/page"}],"author":[{"embeddable":true,"href":"https:\/\/lingvistika.si\/index.php?rest_route=\/wp\/v2\/users\/1"}],"replies":[{"embeddable":true,"href":"https:\/\/lingvistika.si\/index.php?rest_route=%2Fwp%2Fv2%2Fcomments&post=313"}],"version-history":[{"count":12,"href":"https:\/\/lingvistika.si\/index.php?rest_route=\/wp\/v2\/pages\/313\/revisions"}],"predecessor-version":[{"id":412,"href":"https:\/\/lingvistika.si\/index.php?rest_route=\/wp\/v2\/pages\/313\/revisions\/412"}],"wp:attachment":[{"href":"https:\/\/lingvistika.si\/index.php?rest_route=%2Fwp%2Fv2%2Fmedia&parent=313"}],"wp:term":[{"taxonomy":"category","embeddable":true,"href":"https:\/\/lingvistika.si\/index.php?rest_route=%2Fwp%2Fv2%2Fcategories&post=313"}],"curies":[{"name":"wp","href":"https:\/\/api.w.org\/{rel}","templated":true}]}}