{"id":347,"date":"2014-06-15T20:24:23","date_gmt":"2014-06-15T20:24:23","guid":{"rendered":"http:\/\/lingvistika.si\/?page_id=347"},"modified":"2014-09-13T19:35:50","modified_gmt":"2014-09-13T19:35:50","slug":"chickasaw","status":"publish","type":"page","link":"https:\/\/lingvistika.si\/?page_id=347","title":{"rendered":"Chickasaw"},"content":{"rendered":"<p>Naloga iz jezika chickasaw sodi med te\u017eje naloge, ker imamo tako stavke s samostalniki kot stavke z zaimki in je treba iz naloge ugotoviti pravila za oboje. Naloga je iz enega izmed ameri\u0161kih lingvisti\u010dnih tekmovanj, tu sem jo prevedla in malenkost spremenila.<\/p>\n<blockquote><p>Dani so stavki v jeziku chickasaw in njihovi slovenski prevodi. Dolo\u010di pravila in prevedi nekaj primerov. Bodi pozoren na \u010drtice (&#8216;) in vijugice(~). Chichasaw je eden izmed jezikov severnoameri\u0161kih indijancev.<\/p>\n<table>\n<tbody>\n<tr>\n<td>Ofi&#8217;at kowi&#8217;\u00e3 lhiyohli.<\/td>\n<td>Pes lovi ma\u010dko.<\/td>\n<\/tr>\n<tr>\n<td>Kowi&#8217;at ofi&#8217;\u00e3 lhiyohli.<\/td>\n<td>Ma\u010dka lovi psa.<\/td>\n<\/tr>\n<tr>\n<td>Ofi&#8217;at shoha.<\/td>\n<td>Pes smrdi.<\/td>\n<\/tr>\n<tr>\n<td>Ihooat hattak\u00e3 hollo.<\/td>\n<td>\u017denska ljubi mo\u0161kega.<\/td>\n<\/tr>\n<tr>\n<td>Lhiyohlili.<\/td>\n<td>Lovim jo\/ga.<\/td>\n<\/tr>\n<tr>\n<td>Salhiyohli.<\/td>\n<td>Ona\/on me lovi.<\/td>\n<\/tr>\n<tr>\n<td>Hilha.<\/td>\n<td>Ona\/on ple\u0161e.<\/td>\n<\/tr>\n<tr>\n<td>Ofi&#8217;at hilha.<\/td>\n<td>Pes ple\u0161e.<\/td>\n<\/tr>\n<\/tbody>\n<\/table>\n<p>&nbsp;<\/p>\n<p>Prevedi v chickasaw:<\/p>\n<ol>\n<li>Mo\u0161ki ljubi \u017eensko.<\/li>\n<li>Ma\u010dka smrdi.<\/li>\n<li>Ljubim jo\/ga.<\/li>\n<\/ol>\n<p>&nbsp;<\/p>\n<p>Prevedi v sloven\u0161\u010dino:<\/p>\n<ol>\n<li>Ihooat sahollo.<\/li>\n<li>Kowi&#8217;\u00e3 lhiyohlili.<\/li>\n<\/ol>\n<\/blockquote>\n<p>&nbsp;<\/p>\n<p>Za namig lahko pi\u0161ete na email <a href=\"mailto:&#x69;&#x6e;&#x66;&#x6f;&#x40;&#x6c;&#x69;&#x6e;&#x67;&#x76;&#x69;&#x73;&#x74;&#x69;&#x6b;&#x61;&#x2e;&#x73;&#x69;\">&#x69;&#x6e;&#x66;&#x6f;&#x40;<span class=\"oe_displaynone\">null<\/span>&#x6c;&#x69;&#x6e;&#x67;&#x76;&#x69;&#x73;&#x74;&#x69;&#x6b;&#x61;&#x2e;&#x73;&#x69;<\/a>. Lahko pa tudi po\u0161ljete svojo re\u0161itev (prevode in pravila) v pregled.<\/p>","protected":false},"excerpt":{"rendered":"<p>Naloga iz jezika chickasaw sodi med te\u017eje naloge, ker imamo tako stavke s samostalniki kot stavke z zaimki in je treba iz naloge ugotoviti pravila za oboje. Naloga je iz enega izmed ameri\u0161kih lingvisti\u010dnih tekmovanj, tu sem jo prevedla in malenkost spremenila. Dani so stavki v jeziku chickasaw in njihovi slovenski prevodi. Dolo\u010di pravila in &hellip; <a href=\"https:\/\/lingvistika.si\/?page_id=347\" class=\"more-link\">Continue reading <span class=\"screen-reader-text\">Chickasaw<\/span> <span class=\"meta-nav\">&rarr;<\/span><\/a><\/p>\n","protected":false},"author":1,"featured_media":0,"parent":0,"menu_order":0,"comment_status":"open","ping_status":"open","template":"","meta":{"footnotes":""},"categories":[7,1,9],"class_list":["post-347","page","type-page","status-publish","hentry","category-tezke-naloge","category-uncategorized","category-prevajalske-naloge"],"_links":{"self":[{"href":"https:\/\/lingvistika.si\/index.php?rest_route=\/wp\/v2\/pages\/347","targetHints":{"allow":["GET"]}}],"collection":[{"href":"https:\/\/lingvistika.si\/index.php?rest_route=\/wp\/v2\/pages"}],"about":[{"href":"https:\/\/lingvistika.si\/index.php?rest_route=\/wp\/v2\/types\/page"}],"author":[{"embeddable":true,"href":"https:\/\/lingvistika.si\/index.php?rest_route=\/wp\/v2\/users\/1"}],"replies":[{"embeddable":true,"href":"https:\/\/lingvistika.si\/index.php?rest_route=%2Fwp%2Fv2%2Fcomments&post=347"}],"version-history":[{"count":4,"href":"https:\/\/lingvistika.si\/index.php?rest_route=\/wp\/v2\/pages\/347\/revisions"}],"predecessor-version":[{"id":409,"href":"https:\/\/lingvistika.si\/index.php?rest_route=\/wp\/v2\/pages\/347\/revisions\/409"}],"wp:attachment":[{"href":"https:\/\/lingvistika.si\/index.php?rest_route=%2Fwp%2Fv2%2Fmedia&parent=347"}],"wp:term":[{"taxonomy":"category","embeddable":true,"href":"https:\/\/lingvistika.si\/index.php?rest_route=%2Fwp%2Fv2%2Fcategories&post=347"}],"curies":[{"name":"wp","href":"https:\/\/api.w.org\/{rel}","templated":true}]}}