{"id":375,"date":"2014-08-31T19:11:49","date_gmt":"2014-08-31T19:11:49","guid":{"rendered":"http:\/\/lingvistika.si\/?page_id=375"},"modified":"2022-04-04T14:41:53","modified_gmt":"2022-04-04T14:41:53","slug":"delavnice","status":"publish","type":"page","link":"https:\/\/lingvistika.si\/?page_id=375","title":{"rendered":"Delavnice"},"content":{"rendered":"<h3><\/h3>\n<h3>Pretekli dogodki<\/h3>\n<table>\n<tbody>\n<tr>\n<td>21. &#8211; 23. avgust<\/td>\n<td>Trenta<\/td>\n<td>\u0160ola logike za mentorje<\/td>\n<\/tr>\n<tr>\n<td colspan=\"3\">Program in ostale\u00a0informacije dobite na povezavi: <a href=\"http:\/\/zotks.spletnoprogramiranje.com\/%C5%A1ola-logike\">\u0161ola logike<\/a>.<\/td>\n<\/tr>\n<tr>\n<td colspan=\"3\">Potrebna je predhodna prijava.<\/td>\n<\/tr>\n<\/tbody>\n<\/table>\n<table>\n<tbody>\n<tr>\n<td>26. november<br \/>\n13.00 &#8211; 17.00h<\/td>\n<td>Murska Sobota<br \/>\nCenter Maksimus<\/td>\n<td>Festival IZUM<\/td>\n<\/tr>\n<tr>\n<td colspan=\"3\">13:00 \u2013 13:45 \u00a0pisave\u00a0 za osnovno\u0161olce in mentorje<br \/>\n14:00 \u2013 14:45 \u00a0prevajalske naloge za osnovno\u0161olce in mentorje<br \/>\n15:00 \u2013 15:45 \u00a0izgovorjava za dijake in mentorje<br \/>\n16:00 \u2013 16:45 \u00a0pisava\u00a0 za dijake in mentorje<\/td>\n<\/tr>\n<tr>\n<td colspan=\"3\">Delavnica je brezpla\u010dna, potrebna je predhodna prijava.<\/td>\n<\/tr>\n<\/tbody>\n<\/table>\n<table>\n<tbody>\n<tr>\n<td style=\"text-align: center;\">8. september<br \/>\n16.00 &#8211; 20.00h<\/td>\n<td style=\"text-align: center;\">Ljubljana<br \/>\nKnji\u017enica Otona \u017dupan\u010di\u010da<\/td>\n<td style=\"text-align: center;\"><a href=\"http:\/\/www.mathema.si\/SiMatematika2014.png\">Ma-tematika na tematiko logika<\/a><\/td>\n<\/tr>\n<tr>\n<td colspan=\"3\">Lingvistika je veda o naravnem \u010dlove\u0161kem jeziku. Kako se to prepleta z logiko? Pogledali si bomo nekaj lingvisti\u010dnih nalog iz pisav in jih razvozlali s pomo\u010djo logi\u010dnega mi\u0161ljenja. Za konec bo na kratko predstavljena mednarodna lingvisti\u010dna olimpijada. Pred in po predavanju bo potekala odprta delavnica re\u0161evanja lingvisti\u010dnih nalog.<\/td>\n<\/tr>\n<tr>\n<td colspan=\"3\"><a href=\"http:\/\/www.mklj.si\/zgodilo-se-je\/item\/5108-3-ma-tematicni-dan-za-vso-druzino-v-mkl#.VBFjV2dZqJA\">Vtisi z dogodka<\/a><\/td>\n<\/tr>\n<\/tbody>\n<\/table>\n<p>Za predavanja ali delavnice o lingvistiki in re\u0161evanju lingvisti\u010dnih nalog me kontaktirajte na <a href=\"mailto:&#x69;&#x6e;&#x66;&#x6f;&#x40;&#x6c;&#x69;&#x6e;&#x67;&#x76;&#x69;&#x73;&#x74;&#x69;&#x6b;&#x61;&#x2e;&#x73;&#x69;\">&#x69;&#x6e;&#x66;&#x6f;&#x40;<span class=\"oe_displaynone\">null<\/span>&#x6c;&#x69;&#x6e;&#x67;&#x76;&#x69;&#x73;&#x74;&#x69;&#x6b;&#x61;&#x2e;&#x73;&#x69;<\/a>. Delavnice so mo\u017ene po dogovoru v dopoldanskem ali popoldanskem \u010dasu in tudi v soboto.<\/p>\n<p>Gabrijela<\/p>","protected":false},"excerpt":{"rendered":"<p>Pretekli dogodki 21. &#8211; 23. avgust Trenta \u0160ola logike za mentorje Program in ostale\u00a0informacije dobite na povezavi: \u0161ola logike. Potrebna je predhodna prijava. 26. november 13.00 &#8211; 17.00h Murska Sobota Center Maksimus Festival IZUM 13:00 \u2013 13:45 \u00a0pisave\u00a0 za osnovno\u0161olce in mentorje 14:00 \u2013 14:45 \u00a0prevajalske naloge za osnovno\u0161olce in mentorje 15:00 \u2013 15:45 \u00a0izgovorjava &hellip; <a href=\"https:\/\/lingvistika.si\/?page_id=375\" class=\"more-link\">Continue reading <span class=\"screen-reader-text\">Delavnice<\/span> <span class=\"meta-nav\">&rarr;<\/span><\/a><\/p>\n","protected":false},"author":1,"featured_media":0,"parent":0,"menu_order":0,"comment_status":"open","ping_status":"closed","template":"","meta":{"footnotes":""},"categories":[],"class_list":["post-375","page","type-page","status-publish","hentry"],"_links":{"self":[{"href":"https:\/\/lingvistika.si\/index.php?rest_route=\/wp\/v2\/pages\/375","targetHints":{"allow":["GET"]}}],"collection":[{"href":"https:\/\/lingvistika.si\/index.php?rest_route=\/wp\/v2\/pages"}],"about":[{"href":"https:\/\/lingvistika.si\/index.php?rest_route=\/wp\/v2\/types\/page"}],"author":[{"embeddable":true,"href":"https:\/\/lingvistika.si\/index.php?rest_route=\/wp\/v2\/users\/1"}],"replies":[{"embeddable":true,"href":"https:\/\/lingvistika.si\/index.php?rest_route=%2Fwp%2Fv2%2Fcomments&post=375"}],"version-history":[{"count":21,"href":"https:\/\/lingvistika.si\/index.php?rest_route=\/wp\/v2\/pages\/375\/revisions"}],"predecessor-version":[{"id":743,"href":"https:\/\/lingvistika.si\/index.php?rest_route=\/wp\/v2\/pages\/375\/revisions\/743"}],"wp:attachment":[{"href":"https:\/\/lingvistika.si\/index.php?rest_route=%2Fwp%2Fv2%2Fmedia&parent=375"}],"wp:term":[{"taxonomy":"category","embeddable":true,"href":"https:\/\/lingvistika.si\/index.php?rest_route=%2Fwp%2Fv2%2Fcategories&post=375"}],"curies":[{"name":"wp","href":"https:\/\/api.w.org\/{rel}","templated":true}]}}