{"id":394,"date":"2014-09-07T20:31:21","date_gmt":"2014-09-07T20:31:21","guid":{"rendered":"http:\/\/lingvistika.si\/?page_id=394"},"modified":"2014-09-13T19:36:12","modified_gmt":"2014-09-13T19:36:12","slug":"dehu","status":"publish","type":"page","link":"https:\/\/lingvistika.si\/?page_id=394","title":{"rendered":"Dehu"},"content":{"rendered":"<p><span style=\"line-height: 1.5;\">Spodnja \u0161tevilska naloga je te\u017eka, saj v jeziku dehu nimajo enakega sistema kot mi. To lahko tudi sami hitro vidite iz tega, da v nalogi nastopa zelo malo razli\u010dnih besed. \u010ce bi imeli deseti\u0161ki sistem, bi jih moralo biti vsaj 9 za enice, pa \u0161e kak\u0161na zraven za zapis vi\u0161jih \u0161tevil. Posebnosti v zapisu so izpu\u0161\u010dene, zato da se lahko osredoto\u010dite samo na \u0161tevila.<\/span><\/p>\n<blockquote><p>Podana so \u0161tevila in njihov zapis v jeziku dehu. Ugotovi pravila njihovega \u0161tevilskega sistema in prevedi dva ra\u010duna.<\/p>\n<table>\n<tbody>\n<tr>\n<td>26<\/td>\n<td>caatr nge cangomen<\/td>\n<\/tr>\n<tr>\n<td>31<\/td>\n<td>caatr nge cako<\/td>\n<\/tr>\n<tr>\n<td>36<\/td>\n<td>caatr nge caqaihano<\/td>\n<\/tr>\n<tr>\n<td>42<\/td>\n<td>lueatr nge lue<\/td>\n<\/tr>\n<tr>\n<td>50<\/td>\n<td>lueatr nge luepi<\/td>\n<\/tr>\n<tr>\n<td>52<\/td>\n<td>lueatr nge lueko<\/td>\n<\/tr>\n<tr>\n<td>73<\/td>\n<td>koniatr nge koniko<\/td>\n<\/tr>\n<tr>\n<td>75<\/td>\n<td>koniatr nge konipi<\/td>\n<\/tr>\n<tr>\n<td>78<\/td>\n<td>koniatr nge koniqaihano<\/td>\n<\/tr>\n<tr>\n<td>89<\/td>\n<td>ekeatr nge ekengomen<\/td>\n<\/tr>\n<\/tbody>\n<\/table>\n<p>Zapi\u0161i s \u0161tevili:<\/p>\n<p>koniatr nge eke + caatr nge luepi = ekeatr nge ekeko<br \/>\nluengomen + lueko = ekeqaihano<\/p><\/blockquote>\n<p>&nbsp;<\/p>\n<p>Za namig lahko pi\u0161ete na email <a href=\"mailto:&#x69;&#x6e;&#x66;&#x6f;&#x40;&#x6c;&#x69;&#x6e;&#x67;&#x76;&#x69;&#x73;&#x74;&#x69;&#x6b;&#x61;&#x2e;&#x73;&#x69;\">&#x69;&#x6e;&#x66;&#x6f;&#x40;<span class=\"oe_displaynone\">null<\/span>&#x6c;&#x69;&#x6e;&#x67;&#x76;&#x69;&#x73;&#x74;&#x69;&#x6b;&#x61;&#x2e;&#x73;&#x69;<\/a>. Lahko pa tudi po\u0161ljete svojo re\u0161itev (prevode in pravila) v pregled.<\/p>","protected":false},"excerpt":{"rendered":"<p>Spodnja \u0161tevilska naloga je te\u017eka, saj v jeziku dehu nimajo enakega sistema kot mi. To lahko tudi sami hitro vidite iz tega, da v nalogi nastopa zelo malo razli\u010dnih besed. \u010ce bi imeli deseti\u0161ki sistem, bi jih moralo biti vsaj 9 za enice, pa \u0161e kak\u0161na zraven za zapis vi\u0161jih \u0161tevil. Posebnosti v zapisu so &hellip; <a href=\"https:\/\/lingvistika.si\/?page_id=394\" class=\"more-link\">Continue reading <span class=\"screen-reader-text\">Dehu<\/span> <span class=\"meta-nav\">&rarr;<\/span><\/a><\/p>\n","protected":false},"author":1,"featured_media":0,"parent":0,"menu_order":0,"comment_status":"open","ping_status":"closed","template":"","meta":{"footnotes":""},"categories":[7,1,12],"class_list":["post-394","page","type-page","status-publish","hentry","category-tezke-naloge","category-uncategorized","category-stevilske-naloge"],"_links":{"self":[{"href":"https:\/\/lingvistika.si\/index.php?rest_route=\/wp\/v2\/pages\/394","targetHints":{"allow":["GET"]}}],"collection":[{"href":"https:\/\/lingvistika.si\/index.php?rest_route=\/wp\/v2\/pages"}],"about":[{"href":"https:\/\/lingvistika.si\/index.php?rest_route=\/wp\/v2\/types\/page"}],"author":[{"embeddable":true,"href":"https:\/\/lingvistika.si\/index.php?rest_route=\/wp\/v2\/users\/1"}],"replies":[{"embeddable":true,"href":"https:\/\/lingvistika.si\/index.php?rest_route=%2Fwp%2Fv2%2Fcomments&post=394"}],"version-history":[{"count":5,"href":"https:\/\/lingvistika.si\/index.php?rest_route=\/wp\/v2\/pages\/394\/revisions"}],"predecessor-version":[{"id":410,"href":"https:\/\/lingvistika.si\/index.php?rest_route=\/wp\/v2\/pages\/394\/revisions\/410"}],"wp:attachment":[{"href":"https:\/\/lingvistika.si\/index.php?rest_route=%2Fwp%2Fv2%2Fmedia&parent=394"}],"wp:term":[{"taxonomy":"category","embeddable":true,"href":"https:\/\/lingvistika.si\/index.php?rest_route=%2Fwp%2Fv2%2Fcategories&post=394"}],"curies":[{"name":"wp","href":"https:\/\/api.w.org\/{rel}","templated":true}]}}