{"id":457,"date":"2014-09-28T18:07:29","date_gmt":"2014-09-28T18:07:29","guid":{"rendered":"http:\/\/lingvistika.si\/?page_id=457"},"modified":"2014-09-28T18:55:00","modified_gmt":"2014-09-28T18:55:00","slug":"svahilijscina","status":"publish","type":"page","link":"https:\/\/lingvistika.si\/?page_id=457","title":{"rendered":"Svahilij\u0161\u010dina"},"content":{"rendered":"<p>Spodaj je lahka naloga iz svahilij\u0161\u010dine. Uvr\u0161\u010dena je med foneti\u010dne, ker je treba ugotoviti obliko zapisa.<\/p>\n<blockquote><p>Podani sta ednina in mno\u017eina besed v svahilij\u0161\u010dini in njihovi prevodi v sloven\u0161\u010dino. Ugotovi\u00a0pravila za tvorjenje mno\u017eine in re\u0161i dane primere.<\/p>\n<table>\n<tbody>\n<tr>\n<th>ednina<\/th>\n<th>mno\u017eina<\/th>\n<th>prevod<\/th>\n<\/tr>\n<tr>\n<td>\u00a0chai<\/td>\n<td>\u00a0chai<\/td>\n<td>\u00a0\u010daj<\/td>\n<\/tr>\n<tr>\n<td>\u00a0moyo<\/td>\n<td>\u00a0mioyo<\/td>\n<td>\u00a0srce<\/td>\n<\/tr>\n<tr>\n<td>\u00a0mtoto<\/td>\n<td>\u00a0watoto<\/td>\n<td>\u00a0mal\u010dek<\/td>\n<\/tr>\n<tr>\n<td>\u00a0nazi<\/td>\n<td>\u00a0nazi<\/td>\n<td>\u00a0kokosov oreh<\/td>\n<\/tr>\n<tr>\n<td>\u00a0mgongo<\/td>\n<td>\u00a0migongo<\/td>\n<td>\u00a0hrbet<\/td>\n<\/tr>\n<tr>\n<td>\u00a0kahawa<\/td>\n<td>\u00a0kahawa<\/td>\n<td>\u00a0kava<\/td>\n<\/tr>\n<tr>\n<td>\u00a0mkulima<\/td>\n<td>\u00a0wakulima<\/td>\n<td>\u00a0kmet<\/td>\n<\/tr>\n<tr>\n<td>\u00a0mnazi<\/td>\n<td>\u00a0minazi<\/td>\n<td>\u00a0kokosovo drevo<\/td>\n<\/tr>\n<tr>\n<td>\u00a0mpishi<\/td>\n<td>\u00a0wapishi<\/td>\n<td>\u00a0kuhar<\/td>\n<\/tr>\n<tr>\n<td>\u00a0chumvi<\/td>\n<td>\u00a0chumvi<\/td>\n<td>\u00a0sol<\/td>\n<\/tr>\n<tr>\n<td>\u00a0mmea<\/td>\n<td>\u00a0mimea<\/td>\n<td>\u00a0rastlina<\/td>\n<\/tr>\n<tr>\n<td>\u00a0mkono<\/td>\n<td>\u00a0mikono<\/td>\n<td>\u00a0roka<\/td>\n<\/tr>\n<tr>\n<td>\u00a0njugu<\/td>\n<td>\u00a0njugu<\/td>\n<td>\u00a0mu\u0161katni oreh<\/td>\n<\/tr>\n<\/tbody>\n<\/table>\n<p>Re\u0161i:<\/p>\n<table>\n<tbody>\n<tr>\n<th>ednina<\/th>\n<th>mno\u017eina<\/th>\n<th>prevod<\/th>\n<\/tr>\n<tr>\n<td>\u00a0mti<\/td>\n<td><\/td>\n<td>\u00a0drevo<\/td>\n<\/tr>\n<tr>\n<td>\u00a0sukari<\/td>\n<td><\/td>\n<td>\u00a0sladkor\u010dek<\/td>\n<\/tr>\n<tr>\n<td>\u00a0mtofaa<\/td>\n<td><\/td>\n<td>\u00a0jablana<\/td>\n<\/tr>\n<tr>\n<td>\u00a0mguu<\/td>\n<td><\/td>\n<td>\u00a0noga<\/td>\n<\/tr>\n<tr>\n<td>\u00a0ndizi<\/td>\n<td><\/td>\n<td>\u00a0banana<\/td>\n<\/tr>\n<\/tbody>\n<\/table>\n<p>&nbsp;<\/p><\/blockquote>\n<p>Re\u0161itev in postopek re\u0161evanja naloge si lahko ogledate v objavi <a title=\"Kako re\u0161ujemo naloge 2\" href=\"https:\/\/lingvistika.si\/?p=460\">Kako re\u0161ujemo naloge 2<\/a>.<\/p>","protected":false},"excerpt":{"rendered":"<p>Spodaj je lahka naloga iz svahilij\u0161\u010dine. Uvr\u0161\u010dena je med foneti\u010dne, ker je treba ugotoviti obliko zapisa. Podani sta ednina in mno\u017eina besed v svahilij\u0161\u010dini in njihovi prevodi v sloven\u0161\u010dino. Ugotovi\u00a0pravila za tvorjenje mno\u017eine in re\u0161i dane primere. ednina mno\u017eina prevod \u00a0chai \u00a0chai \u00a0\u010daj \u00a0moyo \u00a0mioyo \u00a0srce \u00a0mtoto \u00a0watoto \u00a0mal\u010dek \u00a0nazi \u00a0nazi \u00a0kokosov oreh \u00a0mgongo \u00a0migongo &hellip; <a href=\"https:\/\/lingvistika.si\/?page_id=457\" class=\"more-link\">Continue reading <span class=\"screen-reader-text\">Svahilij\u0161\u010dina<\/span> <span class=\"meta-nav\">&rarr;<\/span><\/a><\/p>\n","protected":false},"author":1,"featured_media":0,"parent":0,"menu_order":0,"comment_status":"open","ping_status":"open","template":"","meta":{"footnotes":""},"categories":[3,1,10],"class_list":["post-457","page","type-page","status-publish","hentry","category-lahke-naloge","category-uncategorized","category-foneticne-naloge"],"_links":{"self":[{"href":"https:\/\/lingvistika.si\/index.php?rest_route=\/wp\/v2\/pages\/457","targetHints":{"allow":["GET"]}}],"collection":[{"href":"https:\/\/lingvistika.si\/index.php?rest_route=\/wp\/v2\/pages"}],"about":[{"href":"https:\/\/lingvistika.si\/index.php?rest_route=\/wp\/v2\/types\/page"}],"author":[{"embeddable":true,"href":"https:\/\/lingvistika.si\/index.php?rest_route=\/wp\/v2\/users\/1"}],"replies":[{"embeddable":true,"href":"https:\/\/lingvistika.si\/index.php?rest_route=%2Fwp%2Fv2%2Fcomments&post=457"}],"version-history":[{"count":3,"href":"https:\/\/lingvistika.si\/index.php?rest_route=\/wp\/v2\/pages\/457\/revisions"}],"predecessor-version":[{"id":465,"href":"https:\/\/lingvistika.si\/index.php?rest_route=\/wp\/v2\/pages\/457\/revisions\/465"}],"wp:attachment":[{"href":"https:\/\/lingvistika.si\/index.php?rest_route=%2Fwp%2Fv2%2Fmedia&parent=457"}],"wp:term":[{"taxonomy":"category","embeddable":true,"href":"https:\/\/lingvistika.si\/index.php?rest_route=%2Fwp%2Fv2%2Fcategories&post=457"}],"curies":[{"name":"wp","href":"https:\/\/api.w.org\/{rel}","templated":true}]}}