{"id":87,"date":"2014-01-26T15:31:47","date_gmt":"2014-01-26T15:31:47","guid":{"rendered":"http:\/\/lingvistika.si\/?page_id=87"},"modified":"2014-09-13T19:37:51","modified_gmt":"2014-09-13T19:37:51","slug":"hausa-2","status":"publish","type":"page","link":"https:\/\/lingvistika.si\/?page_id=87","title":{"rendered":"Hausa 2"},"content":{"rendered":"<p>Tole je \u0161e ena naloga iz jezika hausa, zelo podobna Hausa 1, ampak malo te\u017eja, ker je treba ugotoviti poleg prevoda besed \u0161e dve pravili.<\/p>\n<blockquote><p>Podani so stavki v jeziku hausa in njihovi prevodi v sloven\u0161\u010dino. Dolo\u010di pomen besed, vrstni red in pravila ter prevedi nekaj primerov.<\/p>\n<table>\n<tbody>\n<tr>\n<td>Makeri kawo yaro.<\/td>\n<td>Kova\u010d je pripeljal de\u010dka.<\/td>\n<\/tr>\n<tr>\n<td>Yaro kawo makeri.<\/td>\n<td>De\u010dek je pripeljal kova\u010da.<\/td>\n<\/tr>\n<tr>\n<td>Makeri za hura wuta.<\/td>\n<td>Kova\u010d bo zanetil ogenj.<\/td>\n<\/tr>\n<tr>\n<td>Mace za hura wuta.<\/td>\n<td>\u017denska bo zanetila ogenj.<\/td>\n<\/tr>\n<tr>\n<td>Mace hura wuta.<\/td>\n<td>\u017denska je zanetila ogenj.<\/td>\n<\/tr>\n<tr>\n<td>Yarinye dawo.<\/td>\n<td>Deklica se je vrnila.<\/td>\n<\/tr>\n<tr>\n<td>Makeri kawo yarinye.<\/td>\n<td>Kova\u010d je pripeljal deklico.<\/td>\n<\/tr>\n<tr>\n<td>Maca za hura wuta.<\/td>\n<td>\u017denske bodo zanetile ogenj.<\/td>\n<\/tr>\n<\/tbody>\n<\/table>\n<p>&nbsp;<\/p>\n<p>Prevedi v sloven\u0161\u010dino (mayi pomeni drevo):<\/p>\n<ol>\n<li>Makera za hura wuta.<\/li>\n<li>Yarinya za dawo.<\/li>\n<li>Wuta hura mayi.<\/li>\n<\/ol>\n<p>&nbsp;<\/p>\n<p>Prevedi v hausa (drevo je mayi):<\/p>\n<ol>\n<li>Kova\u010d bo pripeljal deklico.<\/li>\n<li>De\u010dki se bodo vrnili.<\/li>\n<li>\u017denske so pripeljale drevesa.<\/li>\n<\/ol>\n<\/blockquote>\n<p>&nbsp;<\/p>\n<p>Za namig lahko pi\u0161ete na email <a href=\"mailto:&#x69;&#x6e;&#x66;&#x6f;&#x40;&#x6c;&#x69;&#x6e;&#x67;&#x76;&#x69;&#x73;&#x74;&#x69;&#x6b;&#x61;&#x2e;&#x73;&#x69;\">&#x69;&#x6e;&#x66;&#x6f;&#x40;<span class=\"oe_displaynone\">null<\/span>&#x6c;&#x69;&#x6e;&#x67;&#x76;&#x69;&#x73;&#x74;&#x69;&#x6b;&#x61;&#x2e;&#x73;&#x69;<\/a>.<\/p>","protected":false},"excerpt":{"rendered":"<p>Tole je \u0161e ena naloga iz jezika hausa, zelo podobna Hausa 1, ampak malo te\u017eja, ker je treba ugotoviti poleg prevoda besed \u0161e dve pravili. Podani so stavki v jeziku hausa in njihovi prevodi v sloven\u0161\u010dino. Dolo\u010di pomen besed, vrstni red in pravila ter prevedi nekaj primerov. Makeri kawo yaro. Kova\u010d je pripeljal de\u010dka. Yaro &hellip; <a href=\"https:\/\/lingvistika.si\/?page_id=87\" class=\"more-link\">Continue reading <span class=\"screen-reader-text\">Hausa 2<\/span> <span class=\"meta-nav\">&rarr;<\/span><\/a><\/p>\n","protected":false},"author":1,"featured_media":0,"parent":0,"menu_order":0,"comment_status":"open","ping_status":"closed","template":"","meta":{"footnotes":""},"categories":[3,1,9],"class_list":["post-87","page","type-page","status-publish","hentry","category-lahke-naloge","category-uncategorized","category-prevajalske-naloge"],"_links":{"self":[{"href":"https:\/\/lingvistika.si\/index.php?rest_route=\/wp\/v2\/pages\/87","targetHints":{"allow":["GET"]}}],"collection":[{"href":"https:\/\/lingvistika.si\/index.php?rest_route=\/wp\/v2\/pages"}],"about":[{"href":"https:\/\/lingvistika.si\/index.php?rest_route=\/wp\/v2\/types\/page"}],"author":[{"embeddable":true,"href":"https:\/\/lingvistika.si\/index.php?rest_route=\/wp\/v2\/users\/1"}],"replies":[{"embeddable":true,"href":"https:\/\/lingvistika.si\/index.php?rest_route=%2Fwp%2Fv2%2Fcomments&post=87"}],"version-history":[{"count":6,"href":"https:\/\/lingvistika.si\/index.php?rest_route=\/wp\/v2\/pages\/87\/revisions"}],"predecessor-version":[{"id":416,"href":"https:\/\/lingvistika.si\/index.php?rest_route=\/wp\/v2\/pages\/87\/revisions\/416"}],"wp:attachment":[{"href":"https:\/\/lingvistika.si\/index.php?rest_route=%2Fwp%2Fv2%2Fmedia&parent=87"}],"wp:term":[{"taxonomy":"category","embeddable":true,"href":"https:\/\/lingvistika.si\/index.php?rest_route=%2Fwp%2Fv2%2Fcategories&post=87"}],"curies":[{"name":"wp","href":"https:\/\/api.w.org\/{rel}","templated":true}]}}